{"id":138,"date":"2013-07-03T08:43:40","date_gmt":"2013-07-03T08:43:40","guid":{"rendered":"http:\/\/localhost\/tuelinh\/?page_id=138"},"modified":"2017-03-22T03:26:01","modified_gmt":"2017-03-22T03:26:01","slug":"dich-vu","status":"publish","type":"page","link":"https:\/\/quynhtramthao.com\/?page_id=138","title":{"rendered":"D\u1ecbch V\u1ee5"},"content":{"rendered":"<p><\/p>\n<h3><strong>Cung c\u1ea5p l\u01b0\u01a1ng th\u1ef1c &#8211; th\u1ef1c ph\u1ea9m c\u00e1c lo\u1ea1i &#8221; T\u01b0\u01a1i &#8211; Xanh &#8211; An to\u00e0n &#8211; Ch\u1ea5t l\u01b0\u1ee3ng &#8220;<\/strong><\/h3>\n<div id=\"attachment_994\" style=\"width: 930px\" class=\"wp-caption alignleft\"><a href=\"http:\/\/quynhtramthao.com\/wp-content\/uploads\/2013\/07\/lua-chon-thuc-pham-sach-cho-gia-dinh.png\"><img aria-describedby=\"caption-attachment-994\" decoding=\"async\" loading=\"lazy\" class=\"wp-image-994 size-full\" src=\"http:\/\/quynhtramthao.com\/wp-content\/uploads\/2013\/07\/lua-chon-thuc-pham-sach-cho-gia-dinh.png\" alt=\"lua-chon-thuc-pham-sach-cho-gia-dinh\" width=\"920\" height=\"350\" srcset=\"https:\/\/quynhtramthao.com\/wp-content\/uploads\/2013\/07\/lua-chon-thuc-pham-sach-cho-gia-dinh.png 920w, https:\/\/quynhtramthao.com\/wp-content\/uploads\/2013\/07\/lua-chon-thuc-pham-sach-cho-gia-dinh-300x114.png 300w, https:\/\/quynhtramthao.com\/wp-content\/uploads\/2013\/07\/lua-chon-thuc-pham-sach-cho-gia-dinh-862x327.png 862w, https:\/\/quynhtramthao.com\/wp-content\/uploads\/2013\/07\/lua-chon-thuc-pham-sach-cho-gia-dinh-31x11.png 31w, https:\/\/quynhtramthao.com\/wp-content\/uploads\/2013\/07\/lua-chon-thuc-pham-sach-cho-gia-dinh-38x14.png 38w, https:\/\/quynhtramthao.com\/wp-content\/uploads\/2013\/07\/lua-chon-thuc-pham-sach-cho-gia-dinh-425x161.png 425w\" sizes=\"(max-width: 920px) 100vw, 920px\" \/><\/a><p id=\"caption-attachment-994\" class=\"wp-caption-text\">lua-chon-thuc-pham-sach-cho-gia-dinh<\/p><\/div>\n<h3>&#8211; Cung c\u1ea5p su\u1ea5t \u0103n c\u00f4ng nghi\u1ec7p, th\u1ea7u b\u1ebfp \u0103n, c\u01a1m v\u0103n ph\u00f2ng, nh\u00e0 h\u00e0ng&#8230;.vvvv<\/h3>\n<p><div id=\"attachment_976\" style=\"width: 810px\" class=\"wp-caption alignleft\"><a href=\"http:\/\/quynhtramthao.com\/wp-content\/uploads\/2013\/07\/cong-ty-suat-an.jpg\"><img aria-describedby=\"caption-attachment-976\" decoding=\"async\" loading=\"lazy\" class=\"wp-image-976 size-full\" src=\"http:\/\/quynhtramthao.com\/wp-content\/uploads\/2013\/07\/cong-ty-suat-an.jpg\" alt=\"cong-ty-suat-an\" width=\"800\" height=\"454\" srcset=\"https:\/\/quynhtramthao.com\/wp-content\/uploads\/2013\/07\/cong-ty-suat-an.jpg 800w, https:\/\/quynhtramthao.com\/wp-content\/uploads\/2013\/07\/cong-ty-suat-an-300x170.jpg 300w, https:\/\/quynhtramthao.com\/wp-content\/uploads\/2013\/07\/cong-ty-suat-an-704x400.jpg 704w, https:\/\/quynhtramthao.com\/wp-content\/uploads\/2013\/07\/cong-ty-suat-an-31x17.jpg 31w, https:\/\/quynhtramthao.com\/wp-content\/uploads\/2013\/07\/cong-ty-suat-an-38x21.jpg 38w, https:\/\/quynhtramthao.com\/wp-content\/uploads\/2013\/07\/cong-ty-suat-an-378x215.jpg 378w\" sizes=\"(max-width: 800px) 100vw, 800px\" \/><\/a><p id=\"caption-attachment-976\" class=\"wp-caption-text\">cong-ty-suat-an<\/p><\/div><\/p>","protected":false},"excerpt":{"rendered":"<p>Cung c\u1ea5p l\u01b0\u01a1ng th\u1ef1c &#8211; th\u1ef1c ph\u1ea9m c\u00e1c lo\u1ea1i &#8221; T\u01b0\u01a1i &#8211; Xanh &#8211; An to\u00e0n &#8211; Ch\u1ea5t l\u01b0\u1ee3ng &#8220; &#8211; Cung c\u1ea5p su\u1ea5t \u0103n c\u00f4ng nghi\u1ec7p, th\u1ea7u b\u1ebfp \u0103n, c\u01a1m v\u0103n ph\u00f2ng, nh\u00e0 h\u00e0ng&#8230;.vvvv<\/p>\n","protected":false},"author":1,"featured_media":0,"parent":0,"menu_order":0,"comment_status":"closed","ping_status":"closed","template":"","meta":[],"_links":{"self":[{"href":"https:\/\/quynhtramthao.com\/index.php?rest_route=\/wp\/v2\/pages\/138"}],"collection":[{"href":"https:\/\/quynhtramthao.com\/index.php?rest_route=\/wp\/v2\/pages"}],"about":[{"href":"https:\/\/quynhtramthao.com\/index.php?rest_route=\/wp\/v2\/types\/page"}],"author":[{"embeddable":true,"href":"https:\/\/quynhtramthao.com\/index.php?rest_route=\/wp\/v2\/users\/1"}],"replies":[{"embeddable":true,"href":"https:\/\/quynhtramthao.com\/index.php?rest_route=%2Fwp%2Fv2%2Fcomments&post=138"}],"version-history":[{"count":11,"href":"https:\/\/quynhtramthao.com\/index.php?rest_route=\/wp\/v2\/pages\/138\/revisions"}],"predecessor-version":[{"id":1039,"href":"https:\/\/quynhtramthao.com\/index.php?rest_route=\/wp\/v2\/pages\/138\/revisions\/1039"}],"wp:attachment":[{"href":"https:\/\/quynhtramthao.com\/index.php?rest_route=%2Fwp%2Fv2%2Fmedia&parent=138"}],"curies":[{"name":"wp","href":"https:\/\/api.w.org\/{rel}","templated":true}]}}