{"id":39,"date":"2013-07-01T04:11:16","date_gmt":"2013-07-01T04:11:16","guid":{"rendered":"http:\/\/localhost\/tuelinh\/?page_id=39"},"modified":"2017-03-22T03:22:13","modified_gmt":"2017-03-22T03:22:13","slug":"gioi-thieu","status":"publish","type":"page","link":"https:\/\/quynhtramthao.com\/?page_id=39","title":{"rendered":"Gi\u1edbi thi\u1ec7u"},"content":{"rendered":"<p>C\u00f4ng Ty TNHH Qu\u1ef3nh Tr\u00e2m Th\u1ea3o\u00a0chuy\u00ean cung c\u1ea5p su\u1ea5t \u0103n c\u00f4ng nghi\u1ec7p \u00a0cho c\u00e1c c\u00f4ng ty, x\u00ed nghi\u1ec7p, tr\u01b0\u1eddng h\u1ecdc tr\u00ean to\u00e0n l\u00e3nh th\u1ed5 vi\u1ec7t nam. V\u1edbi \u0111\u1ed9i ng\u0169 nh\u00e2n vi\u00ean \u0111\u01b0\u1ee3c \u0111\u00e0o t\u1ea1o chuy\u00ean nghi\u1ec7p, th\u1ef1c ph\u1ea9m \u0111\u1ea7u v\u00e0o phong ph\u00fa, c\u00f3 xu\u1ea5t x\u1ee9 r\u00f5 r\u00e0ng mang \u0111\u1ebfn cho qu\u00fd v\u1ecb nh\u1eefng lo\u1ea1i th\u1ef1c ph\u1ea9m t\u1ed1t nh\u1ea5t, nh\u1eefng su\u1ea5t \u0103n ch\u1ea5t l\u01b0\u1ee3ng, h\u1ee3p v\u1ec7 sinh (\u0111\u01b0\u1ee3c ch\u1ee9ng nh\u1eadn VSATTP) \u0111\u1ea3m b\u1ea3o s\u1ebd h\u00e0i l\u00f2ng qu\u00fd kh\u00e1ch.<\/p>\n<div id=\"attachment_1028\" style=\"width: 885px\" class=\"wp-caption alignleft\"><a href=\"http:\/\/quynhtramthao.com\/wp-content\/uploads\/2013\/07\/suat-an-cong-nghiep.jpg\"><img aria-describedby=\"caption-attachment-1028\" decoding=\"async\" loading=\"lazy\" class=\"wp-image-1028\" src=\"http:\/\/suatan.net\/wp-content\/uploads\/2013\/07\/suat-an-cong-nghiep-1024x682.jpg\" alt=\"suat-an-cong-nghiep\" width=\"875\" height=\"583\" srcset=\"https:\/\/quynhtramthao.com\/wp-content\/uploads\/2013\/07\/suat-an-cong-nghiep-1024x682.jpg 1024w, https:\/\/quynhtramthao.com\/wp-content\/uploads\/2013\/07\/suat-an-cong-nghiep-300x200.jpg 300w, https:\/\/quynhtramthao.com\/wp-content\/uploads\/2013\/07\/suat-an-cong-nghiep-599x400.jpg 599w, https:\/\/quynhtramthao.com\/wp-content\/uploads\/2013\/07\/suat-an-cong-nghiep-31x20.jpg 31w, https:\/\/quynhtramthao.com\/wp-content\/uploads\/2013\/07\/suat-an-cong-nghiep-38x25.jpg 38w, https:\/\/quynhtramthao.com\/wp-content\/uploads\/2013\/07\/suat-an-cong-nghiep-322x215.jpg 322w, https:\/\/quynhtramthao.com\/wp-content\/uploads\/2013\/07\/suat-an-cong-nghiep.jpg 1600w\" sizes=\"(max-width: 875px) 100vw, 875px\" \/><\/a><p id=\"caption-attachment-1028\" class=\"wp-caption-text\">suat-an-cong-nghiep<\/p><\/div>\n<p>Th\u01b0a qu\u00fd v\u1ecb. Su\u1ea5t \u0103n c\u00f4ng nghi\u1ec7p, b\u1eefa \u0103n nh\u00e2n vi\u00ean t\u1ea1i n\u01a1i l\u00e0m vi\u1ec7c l\u00e0 r\u1ea5t quan tr\u1ecdng, n\u00f3 ph\u1ea3n \u00e1nh ch\u00ednh s\u00e1ch quan t\u00e2n c\u1ee7a c\u00f4ng ty \u0111\u1ed1i v\u1edbi ng\u01b0\u1eddi lao \u0111\u1ed9ng:<\/p>\n<p>&#8211; Gi\u00e1 c\u1ea3 v\u00e0 ch\u1ea5t l\u01b0\u1ee3ng<\/p>\n<p>&#8211; Ph\u01b0\u01a1ng th\u1ee9c t\u1ed5 ch\u1ee9c ph\u1ee5c v\u1ee5, th\u1eddi gian \u2026.<\/p>\n<p>L\u00e0 nh\u1eefng v\u1ea5n \u0111\u1ec1 ch\u1eafc ch\u1eafn qu\u00fd v\u1ecb \u0111ang quan t\u00e2m!<\/p>\n<p>V\u1edbi ph\u01b0\u01a1ng ch\u00e2m ph\u1ee5c v\u1ee5 kh\u00e1ch h\u00e0ng nh\u01b0 ph\u1ee5c v\u1ee5 ng\u01b0\u1eddi th\u00e2n, to\u00e0n th\u1ec3 c\u00e1n b\u1ed9 c\u00f4ng nh\u00e2n vi\u00ean c\u00f4ng ty TNHH Qu\u1ef3nh Tr\u00e2m Th\u1ea3o lu\u00f4n c\u1ed1 g\u1eafng ph\u1ea5n \u0111\u1ea5u r\u00e8n luy\u1ec7n tay ngh\u1ec1, ph\u1ea9m ch\u1ea5t \u0111\u1ea1o \u0111\u1ee9c nh\u1eb1m mang \u0111\u1ebfn cho qu\u00fd v\u1ecb nh\u01b0ng b\u1eefa \u0103n gia \u0111\u00ecnh ngay t\u1ea1i c\u00f4ng ty.<\/p>\n<div id=\"attachment_977\" style=\"width: 810px\" class=\"wp-caption alignleft\"><a href=\"http:\/\/quynhtramthao.com\/wp-content\/uploads\/2013\/07\/suat-an-cong-nghiep-cong-nhan-e1446008911610.jpg\"><img aria-describedby=\"caption-attachment-977\" decoding=\"async\" loading=\"lazy\" class=\"wp-image-977 size-full\" src=\"http:\/\/quynhtramthao.com\/wp-content\/uploads\/2013\/07\/suat-an-cong-nghiep-cong-nhan-e1446008911610.jpg\" alt=\"suat-an-cong-nghiep-cong-nhan\" width=\"800\" height=\"262\" \/><\/a><p id=\"caption-attachment-977\" class=\"wp-caption-text\">suat-an-cong-nghiep-cong-nhan<\/p><\/div>\n<p>V\u1edbi ti\u00eau ch\u00ed &#8220;TINH GI\u1ea2M B\u1ed8 M\u00c1Y &#8211; HI\u1ec6U QU\u1ea2 PH\u1ee4C V\u1ee4&#8221; v\u1edbi nh\u1eefng \u01b0u \u0111i\u1ec3m n\u1ed5i b\u1eadt sau:<\/p>\n<p>&#8211; C\u01a1 s\u1edf v\u1eadt ch\u1ea5t v\u00e0 trang thi\u1ebft b\u1ecb \u0111\u01b0\u1ee3c \u0111\u1ea7u t\u01b0 hi\u1ec7n \u0111\u1ea1i<br \/>\n&#8211; \u0110\u1ed9i ng\u0169 nh\u00e2n vi\u00ean qu\u1ea3n l\u00fd v\u00e0 \u0111\u1ea7u b\u1ebfp c\u00f3 chuy\u00ean m\u00f4n, tay ngh\u1ec1 cao<br \/>\n&#8211; Quy tr\u00ecnh ki\u1ec3m so\u00e1t nguy\u00ean li\u1ec7u \u0111\u1ea7u v\u00e0o \u0111\u01b0\u1ee3c ch\u1ecdn l\u1ecdc nghi\u00eam ng\u1eb7t v\u1edbi c\u00e1c th\u01b0\u01a1ng hi\u1ec7u uy t\u00edn trong l\u0129nh v\u1ef1c cung c\u1ea5p th\u1ef1c ph\u1ea9m, \u0111\u1ea3m b\u1ea3o ch\u1ea5t l\u01b0\u1ee3ng h\u00e0ng \u0111\u1ea7u trong VSATTP<br \/>\n&#8211; Ch\u00fa tr\u1ecdng h\u1ee3p t\u00e1c v\u1edbi c\u00e1c c\u01a1 quan ch\u1ee9c n\u0103ng nh\u01b0 TT Y T\u1ebe D\u1ef0 PH\u00d2NG, C\u1ee4C VSATTP, TRUNG T\u00c2M T\u01af V\u1ea4N DINH D\u01af\u1ee0NG v\u00e0 tu\u00e2n th\u1ee7 c\u00e1c quy tr\u00ecnh ch\u1ebf bi\u1ebfn theo HACCP c\u1ee7a B\u1ed9 Y T\u1ebf<\/p>\n<p>Ph\u01b0\u01a1ng ch\u00e2m: Lu\u00f4n quan t\u00e2m \u0111\u1ebfn s\u1ee9c kh\u1ecfe c\u1ee7a kh\u00e1ch h\u00e0ng, tu\u00e2n th\u1ee7 c\u00e1c nguy\u00ean t\u1eafc v\u1ec1 ch\u1ea5t l\u01b0\u1ee3ng, \u0111\u1ea3m b\u1ea3o \u0111\u00e1p \u1ee9ng m\u1ecdi y\u00eau c\u1ea7u c\u1ee7a kh\u00e1ch h\u00e0ng th\u00f4ng qua h\u1ec7 th\u1ed1ng cung c\u1ea5p<\/p>","protected":false},"excerpt":{"rendered":"<p>C\u00f4ng Ty TNHH Qu\u1ef3nh Tr\u00e2m Th\u1ea3o\u00a0chuy\u00ean cung c\u1ea5p su\u1ea5t \u0103n c\u00f4ng nghi\u1ec7p \u00a0cho c\u00e1c c\u00f4ng ty, x\u00ed nghi\u1ec7p, tr\u01b0\u1eddng h\u1ecdc tr\u00ean to\u00e0n l\u00e3nh th\u1ed5 vi\u1ec7t nam. V\u1edbi \u0111\u1ed9i ng\u0169 nh\u00e2n vi\u00ean \u0111\u01b0\u1ee3c \u0111\u00e0o t\u1ea1o chuy\u00ean nghi\u1ec7p, th\u1ef1c ph\u1ea9m \u0111\u1ea7u v\u00e0o phong ph\u00fa, c\u00f3 xu\u1ea5t x\u1ee9 r\u00f5 r\u00e0ng mang \u0111\u1ebfn cho qu\u00fd v\u1ecb nh\u1eefng lo\u1ea1i th\u1ef1c [&hellip;]<\/p>\n","protected":false},"author":1,"featured_media":0,"parent":0,"menu_order":0,"comment_status":"closed","ping_status":"closed","template":"","meta":[],"_links":{"self":[{"href":"https:\/\/quynhtramthao.com\/index.php?rest_route=\/wp\/v2\/pages\/39"}],"collection":[{"href":"https:\/\/quynhtramthao.com\/index.php?rest_route=\/wp\/v2\/pages"}],"about":[{"href":"https:\/\/quynhtramthao.com\/index.php?rest_route=\/wp\/v2\/types\/page"}],"author":[{"embeddable":true,"href":"https:\/\/quynhtramthao.com\/index.php?rest_route=\/wp\/v2\/users\/1"}],"replies":[{"embeddable":true,"href":"https:\/\/quynhtramthao.com\/index.php?rest_route=%2Fwp%2Fv2%2Fcomments&post=39"}],"version-history":[{"count":24,"href":"https:\/\/quynhtramthao.com\/index.php?rest_route=\/wp\/v2\/pages\/39\/revisions"}],"predecessor-version":[{"id":1038,"href":"https:\/\/quynhtramthao.com\/index.php?rest_route=\/wp\/v2\/pages\/39\/revisions\/1038"}],"wp:attachment":[{"href":"https:\/\/quynhtramthao.com\/index.php?rest_route=%2Fwp%2Fv2%2Fmedia&parent=39"}],"curies":[{"name":"wp","href":"https:\/\/api.w.org\/{rel}","templated":true}]}}